{"id":50237,"date":"2025-11-13T13:47:37","date_gmt":"2025-11-13T13:47:37","guid":{"rendered":"https:\/\/www.autotoja.lt\/lexus\/?page_id=50237"},"modified":"2025-11-13T13:48:26","modified_gmt":"2025-11-13T13:48:26","slug":"nauja-automobiliu-bandymu-procedura","status":"publish","type":"page","link":"https:\/\/www.autotoja.lt\/lexus\/nauja-automobiliu-bandymu-procedura\/","title":{"rendered":"NAUJA AUTOMOBILI\u0172 BANDYM\u0172 PROCED\u016aRA"},"content":{"rendered":"","protected":false},"excerpt":{"rendered":"","protected":false},"author":1,"featured_media":0,"parent":0,"menu_order":0,"comment_status":"closed","ping_status":"closed","template":"","meta":{"footnotes":""},"class_list":["post-50237","page","type-page","status-publish","hentry"],"acf":[],"_links":{"self":[{"href":"https:\/\/www.autotoja.lt\/lexus\/wp-json\/wp\/v2\/pages\/50237","targetHints":{"allow":["GET"]}}],"collection":[{"href":"https:\/\/www.autotoja.lt\/lexus\/wp-json\/wp\/v2\/pages"}],"about":[{"href":"https:\/\/www.autotoja.lt\/lexus\/wp-json\/wp\/v2\/types\/page"}],"author":[{"embeddable":true,"href":"https:\/\/www.autotoja.lt\/lexus\/wp-json\/wp\/v2\/users\/1"}],"replies":[{"embeddable":true,"href":"https:\/\/www.autotoja.lt\/lexus\/wp-json\/wp\/v2\/comments?post=50237"}],"version-history":[{"count":2,"href":"https:\/\/www.autotoja.lt\/lexus\/wp-json\/wp\/v2\/pages\/50237\/revisions"}],"predecessor-version":[{"id":50243,"href":"https:\/\/www.autotoja.lt\/lexus\/wp-json\/wp\/v2\/pages\/50237\/revisions\/50243"}],"wp:attachment":[{"href":"https:\/\/www.autotoja.lt\/lexus\/wp-json\/wp\/v2\/media?parent=50237"}],"curies":[{"name":"wp","href":"https:\/\/api.w.org\/{rel}","templated":true}]}}